730.
2, 5, 73
List the prime factors of 222.
2, 3, 37
What are the prime factors of 2483?
13, 191
List the prime factors of 134.
2, 67
What are the prime factors of 4287?
3, 1429
What are the prime factors of 687?
3, 229
List the prime factors of 6271.
6271
List the prime factors of 2403.
3, 89
What are the prime factors of 21778?
2, 10889
List the prime factors of 17622.
2, 3, 11, 89
List the prime factors of 57831.
3, 37, 521
List the prime factors of 817.
19, 43
What are the prime factors of 6615?
3, 5, 7
What are the prime factors of 15934?
2, 31, 257
List the prime factors of 15617.
7, 23, 97
What are the prime factors of 5727?
3, 23, 83
List the prime factors of 10212.
2, 3, 23, 37
What are the prime factors of 15966?
2, 3, 887
List the prime factors of 34655.
5, 29, 239
List the prime factors of 1964.
2, 491
What are the prime factors of 8465?
5, 1693
What are the prime factors of 1286?
2, 643
List the prime factors of 3143.
7, 449
List the prime factors of 34075.
5, 29, 47
List the prime factors of 47042.
2, 43, 547
What are the prime factors of 50916?
2, 3, 4243
List the prime factors of 590.
2, 5, 59
What are the prime factors of 1513?
17, 89
List the prime factors of 5385.
3, 5, 359
What are the prime factors of 1506?
2, 3, 251
What are the prime factors of 118775?
5, 4751
What are the prime factors of 265?
5, 53
What are the prime factors of 1108?
2, 277
What are the prime factors of 145?
5, 29
What are the prime factors of 26591?
26591
List the prime factors of 34870.
2, 5, 11, 317
List the prime factors of 16918.
2, 11, 769
What are the prime factors of 6076?
2, 7, 31
List the prime factors of 5168.
2, 17, 19
What are the prime factors of 31838?
2, 15919
What are the prime factors of 78522?
2, 3, 23, 569
What are the prime factors of 982?
2, 491
What are the prime factors of 2231?
23, 97
What are the prime factors of 85398?
2, 3, 43, 331
List the prime factors of 131575.
5, 19, 277
List the prime factors of 2114.
2, 7, 151
What are the prime factors of 9300?
2, 3, 5, 31
What are the prime factors of 1469?
13, 113
What are the prime factors of 468?
2, 3, 13
What are the prime factors of 1812?
2, 3, 151
What are the prime factors of 592?
2, 37
List the prime factors of 11603.
41, 283
List the prime factors of 36118.
2, 18059
What are the prime factors of 440?
2, 5, 11
What are the prime factors of 22610?
2, 5, 7, 17, 19
List the prime factors of 460.
2, 5, 23
List the prime factors of 4636.
2, 19, 61
What are the prime factors of 34562?
2, 11, 1571
What are the prime factors of 11384?
2, 1423
List the prime factors of 5814.
2, 3, 17, 19
List the prime factors of 95619.
3, 31873
What are the prime factors of 109911?
3, 36637
List the prime factors of 15271.
15271
What are the prime factors of 4825?
5, 193
List the prime factors of 8897.
7, 31, 41
What are the prime factors of 29707?
61, 487
List the prime factors of 1588.
2, 397
What are the prime factors of 244?
2, 61
What are the prime factors of 81679?
13, 61, 103
List the prime factors of 59818.
2, 11, 2719
List the prime factors of 1649.
17, 97
List the prime factors of 158242.
2, 7, 89, 127
List the prime factors of 5826.
2, 3, 971
What are the prime factors of 160?
2, 5
List the prime factors of 253.
11, 23
What are the prime factors of 469?
7, 67
What are the prime factors of 581?
7, 83
What are the prime factors of 11766?
2, 3, 37, 53
List the prime factors of 4945.
5, 23, 43
List the prime factors of 307.
307
What are the prime factors of 46389?
3, 7, 47
List the prime factors of 9686.
2, 29, 167
List the prime factors of 116919.
3, 11, 1181
List the prime factors of 14994.
2, 3, 7, 17
What are the prime factors of 1273?
19, 67
What are the prime factors of 11730?
2, 3, 5, 17, 23
What are the prime factors of 69849?
3, 13, 199
List the prime factors of 144961.
144961
What are the prime factors of 36802?
2, 18401
What are the prime factors of 12517?
12517
What are the prime factors of 27085?
5, 5417
What are the prime factors of 3641?
11, 331
List the prime factors of 1417.
13, 109
What are the prime factors of 1943?
29, 67
List the prime factors of 800.
2, 5
List the prime factors of 33551.
7, 4793
What are the prime factors of 1540?
2, 5, 7, 11
List the prime factors of 64337.
7, 13, 101
What are the prime factors of 32056?
2, 4007
What are the prime factors of 4373?
4373
List the prime factors of 4707.
3, 523
List the prime factors of 24433.
53, 461
List the prime factors of 93342.
2, 3, 47, 331
What are the prime factors of 10396?
2, 23, 113
What are the prime factors of 2364?
2, 3, 197
List the prime factors of 23719.
23719
What are the prime factors of 13472?
2, 421
What are the prime factors of 6975?
3, 5, 31
List the prime factors of 1014.
2, 3, 13
What are the prime factors of 1130?
2, 5, 113
What are the prime factors of 2189?
11, 199
List the prime factors of 408.
2, 3, 17
What are the prime factors of 20200?
2, 5, 101
What are the prime factors of 14405?
5, 43, 67
What are the prime factors of 17186?
2, 13, 661
What are the prime factors of 419?
419
What are the prime factors of 40654?
2, 20327
What are the prime factors of 19996?
2, 4999
What are the prime factors of 944?
2, 59
What are the prime factors of 739?
739
List the prime factors of 30831.
3, 43, 239
What are the prime factors of 2589?
3, 863
What are the prime factors of 1089?
3, 11
What are the prime factors of 89404?
2, 7, 31, 103
List the prime factors of 7104.
2, 3, 37
What are the prime factors of 26289?
3, 23, 127
List the prime factors of 437.
19, 23
What are the prime factors of 14749?
7, 43
What are the prime factors of 55771?
43, 1297
List the prime factors of 686.
2, 7
What are the prime factors of 2802?
2, 3, 467
List the prime factors of 59.
59
What are the prime factors of 12674?
2, 6337
What are the prime factors of 11977?
7, 29, 59
What are the prime factors of 13910?
2, 5, 13, 107
List the prime factors of 13953.
3, 4651
What are the prime factors of 1856?
2, 29
List the prime factors of 14455.
5, 7, 59
List the prime factors of 1081.
23, 47
What are the prime factors of 10977?
3, 3659
List the prime factors of 1419.
3, 11, 43
What are the prime factors of 60451?
61, 991
List the prime factors of 73134.
2, 3, 17, 239
What are the prime factors of 153882?
2, 3, 83, 103
List the prime factors of 6190.
2, 5, 619
What are the prime factors of 29?
29
List the prime factors of 11847.
3, 11, 359
What are the prime factors of 48775?
5, 1951
What are the prime factors of 568?
2, 71
What are the prime factors of 136332?
2, 3, 7, 541
List the prime factors of 15772.
2, 3943
List the prime factors of 3251.
3251
List the prime factors of 61319.
17, 3607
What are the prime factors of 151?
151
List the prime factors of 20352.
2, 3, 53
What are the prime factors of 587?
587
What are the prime factors of 6443?
17, 379
What are the prime factors of 2020?
2, 5, 101
List the prime factors of 68268.
2, 3, 5689
List the prime factors of 401.
401
What are the prime factors of 1044?
2, 3, 29
What are the prime factors of 1798?
2, 29, 31
What are the prime factors of 144631?
61, 2371
List the prime factors of 98886.
2, 3, 16481
List the prime factors of 4308.
2, 3, 359
List the prime factors of 2344.
2, 293
List the prime factors of 15116.
2, 3779
List the prime factors of 12605.
5, 2521
List the prime factors of 16434.
2, 3, 11, 83
What are the prime factors of 8319?
3, 47, 59
What are the prime factors of 1324?
2, 331
List the prime factors of 75899.
71, 1069
List the prime factors of 348.
2, 3, 29
What are the prime factors of 33286?
2, 11, 17, 89
What are the prime factors of 11805?
3, 5, 787
What are the prime factors of 2425?
5, 97
List the prime factors of 17637.
3, 5879
What are the prime factors of 5268?
2, 3, 439
What are the prime factors of 34223?
7, 4889
What are the prime factors of 8156?
2, 2039
List the prime factors of 19554.
2, 3, 3259
What are the prime factors of 66?
2, 3, 11
What are the prime factors of 8973?
3, 997
List the prime factors of 94355.
5, 113, 167
List the prime factors of 29821.
11, 2711
What are the prime factors of 6789?
3, 31, 73
What are the prime factors of 3327?
3, 1109
What are the prime factors of 256?
2
What are the prime factors of 39910?
2, 5, 13, 307
List t